)/(-90)). Let k(s) = -52*s - 1522. Let q be k(-34). Suppose 5*y - 6*y + 5*r = -q, -5*y = -5*r - u. What are the prime factors of y?
2, 3, 41
Suppose 4*x - 1392 = 6*x. Let i = x - -1534. Suppose 2*g = 5*w - 1025, -5*w + 2*g - i = -9*w. What are the prime factors of w?
3, 23
Let c(f) = -24*f**3 - 3*f**2 + 5*f + 19. Suppose -3*l - 3 = -0*o + 3*o, -o = -2*l - 5. What are the prime factors of c(l)?
3, 7
Let d = 80 + -6. Suppose 0 = -5*r - d + 204. Let g = r + 12. What are the prime factors of g?
2, 19
What are the prime factors of (20493/(-506))/((-3)/244)?
2, 3, 61
Let i(y) = y**3 + 13*y - 2 + 4*y**2 + 6 - 18*y**2. Let d be i(13). Suppose 40 = 5*f - d*f. What are the prime factors of f?
2, 5
Let y(j) = 637*j**2 + 51*j + 202. What are the prime factors of y(-4)?
2, 5, 1019
Let n(c) = 8*c + 52. Let t be n(-7). Let w(j) = -19*j**3 + 3*j**2 - 2*j + 3. List the prime factors of w(t).
3, 5, 17
Suppose 0 = -5*w + 69544 + 68377 + 16059. What are the prime factors of w?
2, 7699
Let f(l) = 8*l**2 + 17*l + 31. Suppose 5*o - 16 = i, -4*i + 2*i = -6*o + 24. List the prime factors of f(i).
7, 31
Let q(j) = j**3 + 6*j**2 + 6*j - 3. Let y be q(-4). Let w = y + -1. Suppose w*t + 226 = 2*p, 6*p - p + 4*t - 607 = 0. List the prime factors of p.
7, 17
Let p = 17279 - 11979. List the prime factors of p.
2, 5, 53
Suppose -5*k + 75*c + 51927 = 72*c, -k - 4*c + 10413 = 0. List the prime factors of k.
3, 3463
Suppose 48*o + 23101 - 46460 = 58481. What are the prime factors of o?
5, 11, 31
Let h = 1099 + -499. Let x(l) = -1107*l + 7527. Let i be x(6). Let r = i - h. List the prime factors of r.
3, 5, 19
Let d be (-16)/6 - 125/(-75). What are the prime factors of 9/45 - -594*d/(-5)?
7, 17
Suppose 3*t - 22044 = -2*a + 39468, 4*t - 153801 = -5*a. What are the prime factors of a?
3, 5, 7, 293
Let r(j) = -3*j + 204. Let d be (-83 + -3 + -1)*(-7)/21. What are the prime factors of r(d)?
3, 13
Suppose -34*q - 800448 + 29146 = -48*q. What are the prime factors of q?
37, 1489
Suppose 0 = -187*x + 149*x + 232788. List the prime factors of x.
2, 3, 1021
Let x(u) = -u**3 - 16*u**2 - 29*u + 21. Let m be x(-14). Let v = m - -1027. Suppose 6*c = c + 2*b + v, -c = -2*b - 214. List the prime factors of c.
2, 53
Let r = -4542 + 12319. What are the prime factors of r?
7, 11, 101
Let u = -77600 - -154942. What are the prime factors of u?
2, 38671
Suppose 154*w + 6 = 148*w. List the prime factors of (w + 2)/((-6)/(-1086)) - 5.
2, 11
Let k be 4/(-12) + (-14)/(-6). Suppose -5*s + 3*s = 4*l - 20, -k*l + s = -6. Suppose 2*z - 12 = -2*x, 0 = 2*x - l*z - 28 + 10. What are the prime factors of x?
7
Let u(q) = -q**3 - 3*q**2 - 2*q - 1. Let v be u(-2). Let l be (9/4 + v)*4. Suppose s - 3*k - 12 = -0*k, s + l*k = 20. List the prime factors of s.
3, 5
Let i(b) = b**2 + 8*b - 21. Let a be i(-9). Let d(w) = -w**2 - 14*w - 27. Let q be d(a). List the prime factors of q - (-49 + -8) - 3/1.
3, 17
Suppose 5*q = -4*c + 84656 + 57108, 5*c + 3*q = 177192. List the prime factors of c.
2, 3, 2953
Let q be ((-2004)/(-16))/(29/116). Let a(w) = 11*w**3 - 5*w**2 - 3*w - 2. Let g be a(-3). Let c = q + g. What are the prime factors of c?
2, 83
Suppose -4*x = 2*s - 444, -4*x = -0*x + 3*s - 446. Let q = -246 + x. Let b = 271 + q. List the prime factors of b.
3, 5
Suppose -4*j - 480 = -g - 3*g, 3*g - 340 = -j. Let o = 207 - 222. Let c = g + o. List the prime factors of c.
2, 5
Let d be (2 - 0) + -6 + 130. Suppose -3*a + 7 = v, 5*v + 0*a - 5*a = 115. Suppose -o = v - d. List the prime factors of o.
107
Let i(x) = 7*x**2 - 85*x + 121. What are the prime factors of i(27)?
29, 101
Let k(u) = -u**3 + 14*u**2 - 20. Let v be k(14). Let i be 45/v*4/(-3). List the prime factors of ((-4)/4*1)/(i/(-393)).
131
List the prime factors of (91991/(-6))/(2/(-4)) - 76/114.
3, 3407
Let a(b) = 3*b**2 + 19*b + 1. Let x be a(-8). Suppose 42*r - 108 = x*r. List the prime factors of r + -1 + (9 - 8).
2, 3
Let i(k) = 22*k - 56*k - 23 + 57*k. Let h be i(6). Let n = h + -45. What are the prime factors of n?
2, 5, 7
Let r(q) be the third derivative of 0 - 7/24*q**4 + 17/6*q**3 - 23*q**2 + 1/6*q**5 + 0*q. What are the prime factors of r(2)?
43
Let a(t) = 36*t + 14. Let j(f) = -4*f - 24. Let w be j(-7). Let c be a(w). Suppose c + 280 = 6*o. List the prime factors of o.
73
Let x = 26564 + -10709. What are the prime factors of x?
3, 5, 7, 151
Let g(t) be the third derivative of -t**6/60 - t**5/5 + 3*t**4/8 - 13*t**3/6 - 113*t**2. List the prime factors of g(-7).
2, 11
Let q = -16 + 3. Let p(b) = -b**3 - 5*b**2 + 22*b - 65. Let n(z) = z**3 + 6*z**2 - 23*z + 52. Let w(r) = 6*n(r) + 5*p(r). List the prime factors of w(q).
13
Suppose -2*h - f + 10 = 0, 0*h + 3*h + 2*f - 13 = 0. Suppose 1089 = h*c + 53. List the prime factors of c/(-5)*3/6*-15.
2, 3, 37
Let x be (-3 - 0)/3 - 24/(-6). Suppose 5*h + x*f = -2*f + 40, 5 = -5*h + 4*f. Suppose 0 = h*w + z - 234, 2*w - 65 = w + 4*z. List the prime factors of w.
7, 11
Suppose 58*q = 2001708 - 600602. What are the prime factors of q?
7, 17, 29
Let f = -548 - -551. Suppose -f*n + 2377 = -5*y - 95, 15 = 5*y. List the prime factors of n.
829
Suppose 85*p - 4 = 84*p. Suppose 92 = -0*v + v + 4*h, 4*h = -p. What are the prime factors of v?
2, 3
Suppose 47 = 5*b + 32. What are the prime factors of 48/18*3*(26 - b)?
2, 23
Let f be (-6 + 9)/(2 + -1) - 8. Let l be -1 - -18*(3 - f/(-2)). What are the prime factors of 10/((l/(-12))/(-1))?
3, 5
Suppose -5*x - 12*j + 16*j + 42435 = 0, 0 = 5*x - 3*j - 42435. What are the prime factors of x?
3, 23, 41
Let a be (-26878)/8*1 + (-2)/8. List the prime factors of 6*1*a/(-64).
3, 5, 7
Let i(a) = -a**2 + 14. Suppose -6*u = -1 - 41. Let z be i(u). Let x = z - -47. What are the prime factors of x?
2, 3
Suppose w = 25*c - 21*c + 4668, w = 2*c + 4662. Suppose 11*f = -f + w. What are the prime factors of f?
2, 97
Let j = -62 - -57. List the prime factors of j/(-5)*1*283.
283
Let t(c) = 2*c**3 - 200*c**2 - 145*c + 387. What are the prime factors of t(101)?
2, 3
Suppose -5*s + 42 = -2*n, 0 = 2*n + n - 12. Let h = 144 + s. What are the prime factors of h?
2, 7, 11
Let m be (-27)/(3 + ((-3069)/510 - -3)). Let i = m + -275. List the prime factors of i.
5, 251
Let m(g) = -2*g**2 + 5*g + 7. Let b be m(-2). Let l = -12 - b. Let s(k) = 83*k**2 - 2*k - 1. What are the prime factors of s(l)?
2, 3, 7
Let g be 8/(-20) - 32/(-5). Let y(r) = 65*r - 3. What are the prime factors of y(g)?
3, 43
Let w be 1/(-6)*4*126/(-12). Suppose w*y = 10*y - 1224. List the prime factors of y.
2, 3, 17
Suppose -42*k = -21*k - 190869. Suppose -17*f + 4069 = -k. List the prime factors of f.
2, 3, 43
Let u be (1 + 0/2)/((-1)/(-2)). Let v(l) = -5*l**2 + 5*l**2 + l**2 - 15 - 2*l**u + 12*l. What are the prime factors of v(8)?
17
Let b(t) = t**3 - 9*t**2 + 3. Suppose -z = -3 - 8. Let y be b(z). Suppose 3*f - y - 28 = 0. List the prime factors of f.
7, 13
Let g be (-5)/3 - (-4)/6. Let k = g + 5. What are the prime factors of (4/k - -264) + 3?
2, 67
Let g = -5013 - -9205. List the prime factors of g.
2, 131
Let j(s) = -852*s - 15. Suppose -8 = -1023*l + 1031*l. What are the prime factors of j(l)?
3, 31
Suppose 5*n - 62 = -47. Suppose 3*t = -5*p + n*p - 5, 0 = -3*p - 5*t - 9. Suppose -p*b - 113 - 219 = -2*v, 500 = 3*v - 4*b. List the prime factors of v.
2, 41
Suppose 1143 = 11*z - 3140 + 103. What are the prime factors of z?
2, 5, 19
Suppose -3*d = -4*o + 21, -3*o + d - 3*d = -3. Let z be (2 - 70/(-25)) + o/15. List the prime factors of z - 2 - (-207 - 9).
3, 73
Suppose 0 = 5*a - 4*a - 3. Suppose 9*s = 2*w + 6*s - 1198, -1804 = -a*w + s. List the prime factors of w.
2, 7, 43
Let x be (1 - 8)*(-4216)/28. Suppose -2*t - 2*y + x = 0, 2*t - y = -4*y + 1051. List the prime factors of t.
2, 5, 53
Let r = 2345 + 2880. Suppose -12*a = -r - 127. List the prime factors of a.
2, 223
Suppose -243 = 3*q - 255. Suppose q*a - 534 = 1998. What are the prime factors of a?
3, 211
Let b(w) = 4*w**2 + 20*w**3 - 2*w - 47*w**3 + 123*w**3 - 5. Let v(d) = -96*d**3 - 3*d**2 + 2*d + 4. Let m(j) = 2*b(j) + 3*v(j). List the prime factors of m(-1).
5, 19
Let x = -75 - -75. Suppose 2*d + 418 + 966 = x. Let i = -413 - d. What are the prime factors of i?
3, 31
List the prime factors of (11 + -14 + 0)*-5939.
3, 5939
Let a(t) = t**2 - t + 144. Let j(r) = -5*r - 5. Let